{"id":761,"date":"2024-08-13T16:48:43","date_gmt":"2024-08-13T19:48:43","guid":{"rendered":"https:\/\/www.fundicaosideral.com.br\/site\/?page_id=761"},"modified":"2025-01-10T16:08:45","modified_gmt":"2025-01-10T19:08:45","slug":"esg","status":"publish","type":"page","link":"https:\/\/www.fundicaosideral.com.br\/site\/index.php\/esg\/","title":{"rendered":"ESG"},"content":{"rendered":"\t\t<div data-elementor-type=\"wp-page\" data-elementor-id=\"761\" class=\"elementor elementor-761\" data-elementor-post-type=\"page\">\n\t\t\t\t<div class=\"elementor-element elementor-element-adfd413 e-flex e-con-boxed e-con e-parent\" data-id=\"adfd413\" data-element_type=\"container\" data-e-type=\"container\">\n\t\t\t\t\t<div class=\"e-con-inner\">\n\t\t\t\t<div class=\"elementor-element elementor-element-584555b elementor-widget elementor-widget-heading\" data-id=\"584555b\" data-element_type=\"widget\" data-e-type=\"widget\" data-widget_type=\"heading.default\">\n\t\t\t\t<div class=\"elementor-widget-container\">\n\t\t\t\t\t<h2 class=\"elementor-heading-title elementor-size-default\">ESG - Ambiental, Social e Governan\u00e7a<\/h2>\t\t\t\t<\/div>\n\t\t\t\t<\/div>\n\t\t\t\t<div class=\"elementor-element elementor-element-0198281 elementor-widget elementor-widget-text-editor\" data-id=\"0198281\" data-element_type=\"widget\" data-e-type=\"widget\" data-widget_type=\"text-editor.default\">\n\t\t\t\t<div class=\"elementor-widget-container\">\n\t\t\t\t\t\t\t\t\t<p><strong>Compromisso com o Futuro<\/strong><\/p><p>Acreditamos que o sucesso sustent\u00e1vel est\u00e1 intrinsecamente ligado \u00e0 responsabilidade ambiental, social e \u00e0 governan\u00e7a \u00e9tica. Por isso, adotamos rigorosos crit\u00e9rios ESG em todas as nossas opera\u00e7\u00f5es, garantindo um impacto positivo no ambiente, na sociedade e em nossos neg\u00f3cios.<\/p>\t\t\t\t\t\t\t\t<\/div>\n\t\t\t\t<\/div>\n\t\t<div class=\"elementor-element elementor-element-abba1d4 e-con-full e-flex e-con e-child\" data-id=\"abba1d4\" data-element_type=\"container\" data-e-type=\"container\">\n\t\t<div class=\"elementor-element elementor-element-b154e02 e-con-full e-flex e-con e-child\" data-id=\"b154e02\" data-element_type=\"container\" data-e-type=\"container\" data-settings=\"{&quot;background_background&quot;:&quot;classic&quot;}\">\n\t\t\t\t<div class=\"elementor-element elementor-element-3b653d5 elementor-view-default elementor-widget elementor-widget-icon\" data-id=\"3b653d5\" data-element_type=\"widget\" data-e-type=\"widget\" data-widget_type=\"icon.default\">\n\t\t\t\t<div class=\"elementor-widget-container\">\n\t\t\t\t\t\t\t<div class=\"elementor-icon-wrapper\">\n\t\t\t<div class=\"elementor-icon\">\n\t\t\t<svg xmlns=\"http:\/\/www.w3.org\/2000\/svg\" id=\"Hand-Planting-90\" viewBox=\"0 0 1080 1080\"><defs><style>      .cls-1 {        fill: #fff;      }    <\/style><\/defs><path class=\"cls-1\" d=\"M954.61,519.97c-.29-6.02-4.23-11.25-9.91-13.26-.58-.21-1.17-.41-1.76-.61-50.34-17.42-58.06-53.5-18.38-88.46.79-.7,1.56-1.39,2.32-2.09,4.38-4.01,5.88-10.29,3.88-15.88-4.51-12.54-9.6-24.8-15.25-36.75-2.67-5.65-8.63-9.02-14.85-8.4-1.08.11-2.18.23-3.28.36-46.57,5.62-71.86-30.13-51.46-71.88,1.05-2.16,2.1-4.29,3.1-6.4,2.59-5.45,1.67-11.94-2.4-16.4-8.57-9.39-17.57-18.38-26.96-26.95-4.47-4.08-10.99-4.99-16.45-2.37-2.1,1.01-4.22,2.06-6.37,3.13-39.29,19.47-78.82-5.08-73.43-46.17.38-2.94.78-5.82,1.11-8.64.75-6.33-2.61-12.45-8.38-15.16-11.4-5.35-23.08-10.21-35.02-14.53-5.72-2.07-12.16-.43-16.15,4.16-1.82,2.1-3.66,4.29-5.52,6.55-27.97,33.99-71.52,24.5-84.76-17.88-.71-2.27-1.4-4.51-2.11-6.7-1.9-5.88-7.23-10.01-13.4-10.3-6.36-.3-12.75-.45-19.19-.45s-13.1.16-19.59.47c-6.1.29-11.38,4.33-13.34,10.12-.46,1.38-.92,2.77-1.38,4.19-14.74,45.94-55.7,54.69-86.65,18.23-1.29-1.52-2.56-3-3.84-4.43-4.01-4.51-10.38-6.1-16.06-4.05-12.22,4.41-24.17,9.38-35.83,14.87-5.71,2.69-9.07,8.72-8.39,14.99.21,1.91.45,3.87.72,5.87,5.77,42.61-32.01,69.34-70.33,50.41-2.91-1.44-5.78-2.92-8.63-4.34-5.49-2.73-12.11-1.85-16.63,2.28-9.24,8.45-18.1,17.3-26.54,26.54-4.11,4.5-5,11.07-2.33,16.55,1.42,2.92,2.94,5.87,4.44,8.88,18.71,37.48-6.77,72.37-48.58,71.34-1.43-.04-2.83-.38-4.17-.89-.05-.02-.11-.04-.16-.06-7.14-2.72-15.21.63-18.47,7.54-5.48,11.63-10.43,23.56-14.83,35.76-2.05,5.68-.45,12.07,4.07,16.08,1.47,1.3,2.98,2.6,4.53,3.92,36.43,30.91,27.53,71.7-18.6,86.58-1.34.43-2.67.87-3.97,1.31-5.77,1.96-9.79,7.24-10.08,13.32-.31,6.51-.47,13.05-.47,19.64s.17,13.4.49,20.05c.29,6.02,4.23,11.25,9.92,13.26.59.21,1.18.42,1.78.62,50.42,17.42,58.06,53.35,18.24,88.47-.76.67-1.51,1.34-2.24,2.01-4.37,4.01-5.87,10.29-3.87,15.87,4.5,12.54,9.59,24.79,15.24,36.74,2.67,5.66,8.63,9.02,14.85,8.4,1.12-.11,2.24-.24,3.39-.37,46.52-5.58,71.65,30.12,51.27,72.02-1.03,2.12-2.06,4.22-3.04,6.3-2.58,5.45-1.65,11.92,2.41,16.37,8.57,9.39,17.57,18.39,26.97,26.97,4.47,4.08,10.99,4.99,16.45,2.37,2.15-1.03,4.32-2.11,6.51-3.19,39.22-19.37,78.7,5.32,73.3,46.48-.38,2.87-.76,5.68-1.08,8.44-.75,6.32,2.62,12.44,8.38,15.15,11.39,5.35,23.06,10.2,34.98,14.51,5.77,2.09,12.24.38,16.25-4.26,1.8-2.09,3.62-4.28,5.45-6.53,27.77-33.96,71.52-24.31,84.76,18.08.7,2.23,1.38,4.44,2.08,6.59,1.9,5.88,7.23,10,13.4,10.29,6.37.3,12.77.46,19.21.46s13.09-.16,19.57-.47c6.11-.29,11.39-4.34,13.34-10.14.47-1.41.94-2.84,1.4-4.29,14.63-45.85,55.68-54.53,86.66-18.03,1.27,1.49,2.53,2.95,3.78,4.37,4,4.5,10.38,6.1,16.05,4.05,12.2-4.4,24.14-9.36,35.78-14.85,5.71-2.69,9.07-8.72,8.39-14.99-.21-1.98-.47-4.01-.75-6.08-5.74-42.48,32.29-69.3,70.42-50.3,2.91,1.45,5.79,2.95,8.63,4.37,5.49,2.75,12.13,1.87,16.66-2.27,9.25-8.45,18.11-17.32,26.56-26.57,4.11-4.5,5-11.06,2.33-16.54-1.42-2.91-2.93-5.86-4.43-8.86-19.05-38.09,7.93-76,50.51-70.35,2.01.27,3.98.51,5.9.71,6.26.67,12.28-2.7,14.96-8.4,5.47-11.62,10.42-23.54,14.81-35.72,2.05-5.68.44-12.06-4.07-16.07-1.45-1.28-2.95-2.57-4.48-3.87-36.45-30.92-27.61-71.74,18.44-86.51,1.37-.44,2.71-.88,4.04-1.33,5.78-1.96,9.8-7.23,10.09-13.33.31-6.51.47-13.05.47-19.63s-.17-13.39-.49-20.03ZM540,860.47c-176.99,0-320.47-143.48-320.47-320.47s143.48-320.47,320.47-320.47,320.47,143.48,320.47,320.47-143.48,320.47-320.47,320.47Z\"><\/path><g id=\"_x33_\"><g id=\"hand-3\"><g id=\"hand-1\"><rect id=\"_&#xEC;&#xE0;&#xED;&#xE6;&#xE5;&#xF2;\" data-name=\"&#xEC;&#xE0;&#xED;&#xE6;&#xE5;&#xF2;\" class=\"cls-1\" x=\"356.2\" y=\"575.01\" width=\"33.13\" height=\"82.1\" rx=\"13.15\" ry=\"13.15\" transform=\"translate(866.57 1140.12) rotate(167.88)\"><\/rect><path id=\"_&#xEB;&#xE0;&#xE4;&#xEE;&#xED;&#xFC;\" data-name=\"&#xEB;&#xE0;&#xE4;&#xEE;&#xED;&#xFC;\" class=\"cls-1\" d=\"M401.11,639.89c18.63-5,34.14-4.16,49.8,2.81,17.39,7.74,34.19,16.37,51.69,23.85,8.37,3.58,19.41,3.28,25.76,2.08,12.69-2.41,51.95-16.36,70.57-24.15,1.22-.51.93-2.31-.39-2.41-12.31-.88-43.6-3.13-54.25-3.92-1.66-.12-2.89-1.58-2.74-3.24h0c.15-1.62,1.56-2.82,3.18-2.7,15.23,1.13,57.74,2.67,80.39,4.31,4.37.32,8.12-3.06,8.28-7.45.33-9.15-5.02-19.07-30.71-22.14-18.61-2.22-21.27-1.44-40.31-4.26-16.38-2.43-33.7-8.34-47.2-17.9-17.5-12.4-33.28-21.56-57.84-20.14-19.94,1.16-35.2,14.54-68.88,18.64,5.43,24.31,6.95,31.11,12.65,56.61Z\"><\/path><g id=\"_&#xEF;&#xE0;&#xEB;&#xFC;&#xF6;&#xFB;\" data-name=\"&#xEF;&#xE0;&#xEB;&#xFC;&#xF6;&#xFB;\"><path class=\"cls-1\" d=\"M555.9,595.61c-.76.38-.62,1.51.21,1.69,2.99.63,5.99,1.11,8.96,1.44.99.11,1.97.22,2.95.32.7-.34,1.42-.7,2.19-1.08,17.15-8.56,41.36-20.66,59.2-29.56-4.37-4.04-8.78-4.37-13.17-2.22-13.31,6.53-39.91,19.37-60.34,29.42Z\"><\/path><path class=\"cls-1\" d=\"M581.04,598.74c-.81.4-.58,1.61.32,1.7,6.71.68,13.23,1.29,19.54,1.86h.01c.69-.34,1.43-.72,2.23-1.13,9.69-4.92,62.61-31.15,64.62-32.22-4.05-6.11-9.51-8.3-15.58-5.31-19.38,9.51-46.29,22.72-71.15,35.1Z\"><\/path><path class=\"cls-1\" d=\"M616.5,602.59c-.81.41-.57,1.63.34,1.7,12.09.97,20.58,8.51,23.27,16.97,16.76-8.07,41.41-20.45,55.2-27.23,8.1-3.98,9.25-12.42,5.67-18.7-3.58-6.28-11.81-8.68-19.13-4.99-15.16,7.63-41.84,20.54-65.34,32.25Z\"><\/path><\/g><\/g><\/g><g id=\"leaves-3\"><g id=\"keaves-1\"><path class=\"cls-1\" d=\"M523.84,545.13c-23.12,18.19-52.62,7.85-66.71-14.25-18.77-29.45-25.56-43.68-44.44-62.12-13.15-12.84-23.01-21.1-27.36-23.59,39.51-10.76,86.43-7.83,119.76,7.82,33.34,15.65,54.42,59.96,26.82,86.23-21.24-36.28-63.92-68.44-96.07-79.74,25.81,16.86,66.47,36.7,87.99,85.65Z\"><\/path><path class=\"cls-1\" d=\"M551.49,539.76s-4.27-1.56-8.24-3.27c12.31-15.33,15.99-59.1-28.13-85.85,0,0,13.54-81.44,163.51-116.49-14.66,27.77-26.28,61.96-31.26,94.01-5.9,37.96-2.83,63.87-16.98,86.07-12.65,19.84-33.37,33.19-67.07,28.88.73-32.5,9.05-93.58,62.64-164.32-55.82,57.64-72.13,130.26-74.47,160.97Z\"><\/path><\/g><\/g><\/g><\/svg>\t\t\t<\/div>\n\t\t<\/div>\n\t\t\t\t\t\t<\/div>\n\t\t\t\t<\/div>\n\t\t\t\t<div class=\"elementor-element elementor-element-0fd1923 elementor-widget elementor-widget-heading\" data-id=\"0fd1923\" data-element_type=\"widget\" data-e-type=\"widget\" data-widget_type=\"heading.default\">\n\t\t\t\t<div class=\"elementor-widget-container\">\n\t\t\t\t\t<h1 class=\"elementor-heading-title elementor-size-default\">Ambiental<\/h1>\t\t\t\t<\/div>\n\t\t\t\t<\/div>\n\t\t\t\t<div class=\"elementor-element elementor-element-0051b8c elementor-widget elementor-widget-text-editor\" data-id=\"0051b8c\" data-element_type=\"widget\" data-e-type=\"widget\" data-widget_type=\"text-editor.default\">\n\t\t\t\t<div class=\"elementor-widget-container\">\n\t\t\t\t\t\t\t\t\t<p>Trabalhamos constantemente para minimizar o impacto ambiental de nossas opera\u00e7\u00f5es. Implementamos pr\u00e1ticas avan\u00e7adas de gest\u00e3o de res\u00edduos e efici\u00eancia energ\u00e9tica, buscando sempre a redu\u00e7\u00e3o das emiss\u00f5es de gases e o uso respons\u00e1vel dos recursos naturais. Nossos processos s\u00e3o continuamente revisados para garantir que estamos alinhados com as melhores pr\u00e1ticas ambientais.<\/p>\t\t\t\t\t\t\t\t<\/div>\n\t\t\t\t<\/div>\n\t\t\t\t<\/div>\n\t\t<div class=\"elementor-element elementor-element-d63eb20 e-con-full e-flex e-con e-child\" data-id=\"d63eb20\" data-element_type=\"container\" data-e-type=\"container\" data-settings=\"{&quot;background_background&quot;:&quot;classic&quot;}\">\n\t\t\t\t<div class=\"elementor-element elementor-element-3e64c29 elementor-view-default elementor-widget elementor-widget-icon\" data-id=\"3e64c29\" data-element_type=\"widget\" data-e-type=\"widget\" data-widget_type=\"icon.default\">\n\t\t\t\t<div class=\"elementor-widget-container\">\n\t\t\t\t\t\t\t<div class=\"elementor-icon-wrapper\">\n\t\t\t<div class=\"elementor-icon\">\n\t\t\t<svg xmlns=\"http:\/\/www.w3.org\/2000\/svg\" id=\"Hand-Planting-90\" viewBox=\"0 0 1080 1080\"><defs><style>      .cls-1, .cls-2 {        fill: #fff;      }      .cls-2 {        fill-rule: evenodd;      }    <\/style><\/defs><path class=\"cls-1\" d=\"M954.61,519.97c-.29-6.02-4.23-11.25-9.91-13.26-.58-.21-1.17-.41-1.76-.61-50.34-17.42-58.06-53.5-18.38-88.46.79-.7,1.56-1.39,2.32-2.09,4.38-4.01,5.88-10.29,3.88-15.88-4.51-12.54-9.6-24.8-15.25-36.75-2.67-5.65-8.63-9.02-14.85-8.4-1.08.11-2.18.23-3.28.36-46.57,5.62-71.86-30.13-51.46-71.88,1.05-2.16,2.1-4.29,3.1-6.4,2.59-5.45,1.67-11.94-2.4-16.4-8.57-9.39-17.57-18.38-26.96-26.95-4.47-4.08-10.99-4.99-16.45-2.37-2.1,1.01-4.22,2.06-6.37,3.13-39.29,19.47-78.82-5.08-73.43-46.17.38-2.94.78-5.82,1.11-8.64.75-6.33-2.61-12.45-8.38-15.16-11.4-5.35-23.08-10.21-35.02-14.53-5.72-2.07-12.16-.43-16.15,4.16-1.82,2.1-3.66,4.29-5.52,6.55-27.97,33.99-71.52,24.5-84.76-17.88-.71-2.27-1.4-4.51-2.11-6.7-1.9-5.88-7.23-10.01-13.4-10.3-6.36-.3-12.75-.45-19.19-.45s-13.1.16-19.59.47c-6.1.29-11.38,4.33-13.34,10.12-.46,1.38-.92,2.77-1.38,4.19-14.74,45.94-55.7,54.69-86.65,18.23-1.29-1.52-2.56-3-3.84-4.43-4.01-4.51-10.38-6.1-16.06-4.05-12.22,4.41-24.17,9.38-35.83,14.87-5.71,2.69-9.07,8.72-8.39,14.99.21,1.91.45,3.87.72,5.87,5.77,42.61-32.01,69.34-70.33,50.41-2.91-1.44-5.78-2.92-8.63-4.34-5.49-2.73-12.11-1.85-16.63,2.28-9.24,8.45-18.1,17.3-26.54,26.54-4.11,4.5-5,11.07-2.33,16.55,1.42,2.92,2.94,5.87,4.44,8.88,18.71,37.48-6.77,72.37-48.58,71.34-1.43-.04-2.83-.38-4.17-.89-.05-.02-.11-.04-.16-.06-7.14-2.72-15.21.63-18.47,7.54-5.48,11.63-10.43,23.56-14.83,35.76-2.05,5.68-.45,12.07,4.07,16.08,1.47,1.3,2.98,2.6,4.53,3.92,36.43,30.91,27.53,71.7-18.6,86.58-1.34.43-2.67.87-3.97,1.31-5.77,1.96-9.79,7.24-10.08,13.32-.31,6.51-.47,13.05-.47,19.64s.17,13.4.49,20.05c.29,6.02,4.23,11.25,9.92,13.26.59.21,1.18.42,1.78.62,50.42,17.42,58.06,53.35,18.24,88.47-.76.67-1.51,1.34-2.24,2.01-4.37,4.01-5.87,10.29-3.87,15.87,4.5,12.54,9.59,24.79,15.24,36.74,2.67,5.66,8.63,9.02,14.85,8.4,1.12-.11,2.24-.24,3.39-.37,46.52-5.58,71.65,30.12,51.27,72.02-1.03,2.12-2.06,4.22-3.04,6.3-2.58,5.45-1.65,11.92,2.41,16.37,8.57,9.39,17.57,18.39,26.97,26.97,4.47,4.08,10.99,4.99,16.45,2.37,2.15-1.03,4.32-2.11,6.51-3.19,39.22-19.37,78.7,5.32,73.3,46.48-.38,2.87-.76,5.68-1.08,8.44-.75,6.32,2.62,12.44,8.38,15.15,11.39,5.35,23.06,10.2,34.98,14.51,5.77,2.09,12.24.38,16.25-4.26,1.8-2.09,3.62-4.28,5.45-6.53,27.77-33.96,71.52-24.31,84.76,18.08.7,2.23,1.38,4.44,2.08,6.59,1.9,5.88,7.23,10,13.4,10.29,6.37.3,12.77.46,19.21.46s13.09-.16,19.57-.47c6.11-.29,11.39-4.34,13.34-10.14.47-1.41.94-2.84,1.4-4.29,14.63-45.85,55.68-54.53,86.66-18.03,1.27,1.49,2.53,2.95,3.78,4.37,4,4.5,10.38,6.1,16.05,4.05,12.2-4.4,24.14-9.36,35.78-14.85,5.71-2.69,9.07-8.72,8.39-14.99-.21-1.98-.47-4.01-.75-6.08-5.74-42.48,32.29-69.3,70.42-50.3,2.91,1.45,5.79,2.95,8.63,4.37,5.49,2.75,12.13,1.87,16.66-2.27,9.25-8.45,18.11-17.32,26.56-26.57,4.11-4.5,5-11.06,2.33-16.54-1.42-2.91-2.93-5.86-4.43-8.86-19.05-38.09,7.93-76,50.51-70.35,2.01.27,3.98.51,5.9.71,6.26.67,12.28-2.7,14.96-8.4,5.47-11.62,10.42-23.54,14.81-35.72,2.05-5.68.44-12.06-4.07-16.07-1.45-1.28-2.95-2.57-4.48-3.87-36.45-30.92-27.61-71.74,18.44-86.51,1.37-.44,2.71-.88,4.04-1.33,5.78-1.96,9.8-7.23,10.09-13.33.31-6.51.47-13.05.47-19.63s-.17-13.39-.49-20.03ZM540,860.47c-176.99,0-320.47-143.48-320.47-320.47s143.48-320.47,320.47-320.47,320.47,143.48,320.47,320.47-143.48,320.47-320.47,320.47Z\"><\/path><g id=\"group\"><path class=\"cls-2\" d=\"M737.35,584.94c-21.93,13.09-49.15,18.19-79.93,25.71,0-9.77-.02-38.76-.02-38.76,0-20.99-9.65-37.59-36.81-46.69l-18.74-6.73,30.96-11.12,1.95-9.47c-1.99-2.87-4.68-10.21-6.45-17.33h-.06c-2.53,0-5.61-4.12-7.04-9.69-1.55-5.95-.66-11.26,1.95-11.9-.36-2.01-.64-3.96-.84-5.79-.12-.86-.22-1.69-.3-2.51-.82-7.46-.64-13.41.66-17.43.86-2.69,4.04-4.91,5.89-6.88.54-.58,4.27-15.36,27.38-15.36s30.03,13.59,30.8,15.84c2.75,1.37,3.7,4.24,4.44,6.88,1.17,4.02,1.31,9.77.52,16.95-.28,2.57-.64,5.35-1.15,8.3,2.61.64,3.5,5.95,1.95,11.9-1.45,5.57-4.5,9.69-7.04,9.69h-.06c-.02.08-.04.18-.06.26-1.79,7.04-4.44,14.23-6.41,17.07l1.97,9.47s19.32,5.17,36.47,13.07c17.14,7.9,19.9,21.02,19.92,32.47.02,11.45.02,17.59.04,32.06Z\"><\/path><path class=\"cls-2\" d=\"M342.65,552.88c0-10.69,4.31-24.58,24.1-32.47,19.79-7.89,36.46-13.07,36.46-13.07l1.95-9.47c-1.99-2.87-4.69-10.21-6.46-17.33-.1,0-.18,0-.28-.02-2.5-.22-5.44-4.26-6.82-9.67-1.55-5.95-.66-11.26,1.95-11.9-.5-2.96-.87-5.73-1.15-8.3-.81-7.46-.64-13.41.66-17.43,1.13-3.48,6.1-6.15,7.11-8.58.89-2.13,8.78-14.66,30.58-13.43,21.79,1.23,26.19,14.72,26.49,15.62,2.74,1.37,3.68,4.24,4.43,6.88,1.17,4.02,1.31,9.77.52,16.95-.08.72-.16,1.47-.26,2.23-.24,1.93-.52,3.94-.89,6.07,2.62.64,3.5,5.95,1.95,11.9-1.43,5.57-4.51,9.69-7.05,9.69h-.06c-1.77,7.12-4.49,14.45-6.48,17.33l1.97,9.47,31.85,11.38-18.04,6.47c-22.71,7.6-38.15,16.8-42.37,44.58l-.16,1.07.06,39.14c-30.96-7.8-58.2-13.23-80-26.65\"><\/path><path class=\"cls-2\" d=\"M647.4,631.03c-23.89,9.83-60.92,13.37-104.62,13.37s-82.93-3.87-107.92-13.97c0,0-.13-42.72-.13-59.35,0-22.34,19.33-28.93,31.01-33.85,11.68-4.92,46.9-16.85,46.9-16.85l2.51-12.2c-2.55-3.7-6.03-13.15-8.31-22.32h-.08c-3.27,0-7.21-5.31-9.07-12.48-2-7.67-.85-14.52,2.51-15.36-.64-3.8-1.13-7.37-1.47-10.71-1.06-9.58-.83-17.24.85-22.42,1.45-4.51,7.86-7.93,9.14-11.07,4.8-11.62,18.85-17.6,33.73-17.6,9.93,0,20.23,2.68,28.37,8.1,4.87,3.23,10.03,8.52,11.35,12.31,3.51,1.78,4.74,5.48,5.69,8.86,1.51,5.16,1.68,12.6.68,21.81-.36,3.34-.83,6.91-1.47,10.71,3.36.83,4.5,7.69,2.51,15.36-1.87,7.18-5.8,12.48-9.07,12.48h-.08c-2.29,9.18-5.78,18.62-8.35,22.32l2.53,12.2s37.29,11.2,46.99,16.85c9.7,5.65,25.78,13.46,25.78,32.98,0,4.65-.02,54.34,0,60.82Z\"><\/path><\/g><\/svg>\t\t\t<\/div>\n\t\t<\/div>\n\t\t\t\t\t\t<\/div>\n\t\t\t\t<\/div>\n\t\t\t\t<div class=\"elementor-element elementor-element-6ee5730 elementor-widget elementor-widget-heading\" data-id=\"6ee5730\" data-element_type=\"widget\" data-e-type=\"widget\" data-widget_type=\"heading.default\">\n\t\t\t\t<div class=\"elementor-widget-container\">\n\t\t\t\t\t<h1 class=\"elementor-heading-title elementor-size-default\">Social<\/h1>\t\t\t\t<\/div>\n\t\t\t\t<\/div>\n\t\t\t\t<div class=\"elementor-element elementor-element-0ede46b elementor-widget elementor-widget-text-editor\" data-id=\"0ede46b\" data-element_type=\"widget\" data-e-type=\"widget\" data-widget_type=\"text-editor.default\">\n\t\t\t\t<div class=\"elementor-widget-container\">\n\t\t\t\t\t\t\t\t\t<p>O respeito e o bem-estar das pessoas est\u00e3o no centro de nossas a\u00e7\u00f5es. Promovemos um ambiente de trabalho seguro, inclusivo e respeitoso, onde cada colaborador \u00e9 valorizado. Al\u00e9m disso, mantemos um relacionamento transparente e \u00e9tico com nossos fornecedores e clientes, e estamos comprometidos em contribuir positivamente com as comunidades onde atuamos.<\/p>\t\t\t\t\t\t\t\t<\/div>\n\t\t\t\t<\/div>\n\t\t\t\t<\/div>\n\t\t<div class=\"elementor-element elementor-element-d643b5b e-con-full e-flex e-con e-child\" data-id=\"d643b5b\" data-element_type=\"container\" data-e-type=\"container\" data-settings=\"{&quot;background_background&quot;:&quot;classic&quot;}\">\n\t\t\t\t<div class=\"elementor-element elementor-element-35856c4 elementor-view-default elementor-widget elementor-widget-icon\" data-id=\"35856c4\" data-element_type=\"widget\" data-e-type=\"widget\" data-widget_type=\"icon.default\">\n\t\t\t\t<div class=\"elementor-widget-container\">\n\t\t\t\t\t\t\t<div class=\"elementor-icon-wrapper\">\n\t\t\t<div class=\"elementor-icon\">\n\t\t\t<svg xmlns=\"http:\/\/www.w3.org\/2000\/svg\" id=\"Hand-Planting-90\" viewBox=\"0 0 1080 1080\"><defs><style>      .cls-1 {        fill: #fff;      }    <\/style><\/defs><path class=\"cls-1\" d=\"M954.61,519.97c-.29-6.02-4.23-11.25-9.91-13.26-.58-.21-1.17-.41-1.76-.61-50.34-17.42-58.06-53.5-18.38-88.46.79-.7,1.56-1.39,2.32-2.09,4.38-4.01,5.88-10.29,3.88-15.88-4.51-12.54-9.6-24.8-15.25-36.75-2.67-5.65-8.63-9.02-14.85-8.4-1.08.11-2.18.23-3.28.36-46.57,5.62-71.86-30.13-51.46-71.88,1.05-2.16,2.1-4.29,3.1-6.4,2.59-5.45,1.67-11.94-2.4-16.4-8.57-9.39-17.57-18.38-26.96-26.95-4.47-4.08-10.99-4.99-16.45-2.37-2.1,1.01-4.22,2.06-6.37,3.13-39.29,19.47-78.82-5.08-73.43-46.17.38-2.94.78-5.82,1.11-8.64.75-6.33-2.61-12.45-8.38-15.16-11.4-5.35-23.08-10.21-35.02-14.53-5.72-2.07-12.16-.43-16.15,4.16-1.82,2.1-3.66,4.29-5.52,6.55-27.97,33.99-71.52,24.5-84.76-17.88-.71-2.27-1.4-4.51-2.11-6.7-1.9-5.88-7.23-10.01-13.4-10.3-6.36-.3-12.75-.45-19.19-.45s-13.1.16-19.59.47c-6.1.29-11.38,4.33-13.34,10.12-.46,1.38-.92,2.77-1.38,4.19-14.74,45.94-55.7,54.69-86.65,18.23-1.29-1.52-2.56-3-3.84-4.43-4.01-4.51-10.38-6.1-16.06-4.05-12.22,4.41-24.17,9.38-35.83,14.87-5.71,2.69-9.07,8.72-8.39,14.99.21,1.91.45,3.87.72,5.87,5.77,42.61-32.01,69.34-70.33,50.41-2.91-1.44-5.78-2.92-8.63-4.34-5.49-2.73-12.11-1.85-16.63,2.28-9.24,8.45-18.1,17.3-26.54,26.54-4.11,4.5-5,11.07-2.33,16.55,1.42,2.92,2.94,5.87,4.44,8.88,18.71,37.48-6.77,72.37-48.58,71.34-1.43-.04-2.83-.38-4.17-.89-.05-.02-.11-.04-.16-.06-7.14-2.72-15.21.63-18.47,7.54-5.48,11.63-10.43,23.56-14.83,35.76-2.05,5.68-.45,12.07,4.07,16.08,1.47,1.3,2.98,2.6,4.53,3.92,36.43,30.91,27.53,71.7-18.6,86.58-1.34.43-2.67.87-3.97,1.31-5.77,1.96-9.79,7.24-10.08,13.32-.31,6.51-.47,13.05-.47,19.64s.17,13.4.49,20.05c.29,6.02,4.23,11.25,9.92,13.26.59.21,1.18.42,1.78.62,50.42,17.42,58.06,53.35,18.24,88.47-.76.67-1.51,1.34-2.24,2.01-4.37,4.01-5.87,10.29-3.87,15.87,4.5,12.54,9.59,24.79,15.24,36.74,2.67,5.66,8.63,9.02,14.85,8.4,1.12-.11,2.24-.24,3.39-.37,46.52-5.58,71.65,30.12,51.27,72.02-1.03,2.12-2.06,4.22-3.04,6.3-2.58,5.45-1.65,11.92,2.41,16.37,8.57,9.39,17.57,18.39,26.97,26.97,4.47,4.08,10.99,4.99,16.45,2.37,2.15-1.03,4.32-2.11,6.51-3.19,39.22-19.37,78.7,5.32,73.3,46.48-.38,2.87-.76,5.68-1.08,8.44-.75,6.32,2.62,12.44,8.38,15.15,11.39,5.35,23.06,10.2,34.98,14.51,5.77,2.09,12.24.38,16.25-4.26,1.8-2.09,3.62-4.28,5.45-6.53,27.77-33.96,71.52-24.31,84.76,18.08.7,2.23,1.38,4.44,2.08,6.59,1.9,5.88,7.23,10,13.4,10.29,6.37.3,12.77.46,19.21.46s13.09-.16,19.57-.47c6.11-.29,11.39-4.34,13.34-10.14.47-1.41.94-2.84,1.4-4.29,14.63-45.85,55.68-54.53,86.66-18.03,1.27,1.49,2.53,2.95,3.78,4.37,4,4.5,10.38,6.1,16.05,4.05,12.2-4.4,24.14-9.36,35.78-14.85,5.71-2.69,9.07-8.72,8.39-14.99-.21-1.98-.47-4.01-.75-6.08-5.74-42.48,32.29-69.3,70.42-50.3,2.91,1.45,5.79,2.95,8.63,4.37,5.49,2.75,12.13,1.87,16.66-2.27,9.25-8.45,18.11-17.32,26.56-26.57,4.11-4.5,5-11.06,2.33-16.54-1.42-2.91-2.93-5.86-4.43-8.86-19.05-38.09,7.93-76,50.51-70.35,2.01.27,3.98.51,5.9.71,6.26.67,12.28-2.7,14.96-8.4,5.47-11.62,10.42-23.54,14.81-35.72,2.05-5.68.44-12.06-4.07-16.07-1.45-1.28-2.95-2.57-4.48-3.87-36.45-30.92-27.61-71.74,18.44-86.51,1.37-.44,2.71-.88,4.04-1.33,5.78-1.96,9.8-7.23,10.09-13.33.31-6.51.47-13.05.47-19.63s-.17-13.39-.49-20.03ZM540,860.47c-176.99,0-320.47-143.48-320.47-320.47s143.48-320.47,320.47-320.47,320.47,143.48,320.47,320.47-143.48,320.47-320.47,320.47Z\"><\/path><g id=\"house\"><path id=\"_&#xEF;&#xEE;&#xE4;&#xE2;&#xE0;&#xEB;\" data-name=\"&#xEF;&#xEE;&#xE4;&#xE2;&#xE0;&#xEB;\" class=\"cls-1\" d=\"M688.11,641.3h-295.98l-26.42,14.26v12.65h349.19s0-12.65,0-12.65l-26.79-14.26Z\"><\/path><g id=\"_&#xEA;&#xEE;&#xEB;&#xEE;&#xED;&#xFB;\" data-name=\"&#xEA;&#xEE;&#xEB;&#xEE;&#xED;&#xFB;\"><polygon id=\"_x34_\" class=\"cls-1\" points=\"667.04 450.89 638.29 450.89 632.57 617.75 672.77 617.75 667.04 450.89\"><\/polygon><polygon id=\"_x33_\" class=\"cls-1\" points=\"591.91 450.89 563.16 450.89 557.44 617.75 597.64 617.75 591.91 450.89\"><\/polygon><polygon id=\"_x32_\" class=\"cls-1\" points=\"516.78 450.89 488.03 450.89 482.31 617.75 522.51 617.75 516.78 450.89\"><\/polygon><polygon id=\"_x31_\" class=\"cls-1\" points=\"441.64 450.89 412.91 450.89 407.18 617.75 447.38 617.75 441.64 450.89\"><\/polygon><\/g><path class=\"cls-1\" d=\"M714.96,412.86l-156.24-40.14c-1.5-.42-3.11-.42-4.61,0l-189.07,39.05v8.18h31.62v8.07h286.62v-8.07s31.46.1,31.46.1l.22-7.18Z\"><\/path><\/g><\/svg>\t\t\t<\/div>\n\t\t<\/div>\n\t\t\t\t\t\t<\/div>\n\t\t\t\t<\/div>\n\t\t\t\t<div class=\"elementor-element elementor-element-b74cc8a elementor-widget elementor-widget-heading\" data-id=\"b74cc8a\" data-element_type=\"widget\" data-e-type=\"widget\" data-widget_type=\"heading.default\">\n\t\t\t\t<div class=\"elementor-widget-container\">\n\t\t\t\t\t<h1 class=\"elementor-heading-title elementor-size-default\">Governan\u00e7a<\/h1>\t\t\t\t<\/div>\n\t\t\t\t<\/div>\n\t\t\t\t<div class=\"elementor-element elementor-element-1516592 elementor-widget elementor-widget-text-editor\" data-id=\"1516592\" data-element_type=\"widget\" data-e-type=\"widget\" data-widget_type=\"text-editor.default\">\n\t\t\t\t<div class=\"elementor-widget-container\">\n\t\t\t\t\t\t\t\t\t<p>A governan\u00e7a na Fundi\u00e7\u00e3o Sideral \u00e9 baseada em princ\u00edpios de transpar\u00eancia, \u00e9tica e responsabilidade. Nosso conselho de administra\u00e7\u00e3o e nossas pr\u00e1ticas gerenciais s\u00e3o focados em garantir que todas as decis\u00f5es sejam tomadas com integridade, alinhadas aos interesses de nossos acionistas, colaboradores e sociedade.<\/p>\t\t\t\t\t\t\t\t<\/div>\n\t\t\t\t<\/div>\n\t\t\t\t<\/div>\n\t\t\t\t<\/div>\n\t\t\t\t<div class=\"elementor-element elementor-element-0835b59 elementor-widget elementor-widget-text-editor\" data-id=\"0835b59\" data-element_type=\"widget\" data-e-type=\"widget\" data-widget_type=\"text-editor.default\">\n\t\t\t\t<div class=\"elementor-widget-container\">\n\t\t\t\t\t\t\t\t\t<p>Entendemos que a ado\u00e7\u00e3o de pr\u00e1ticas ESG n\u00e3o \u00e9 apenas uma escolha, mas uma responsabilidade que assumimos com o futuro. Estamos comprometidos em crescer de forma sustent\u00e1vel, contribuindo para um mundo melhor.<\/p>\t\t\t\t\t\t\t\t<\/div>\n\t\t\t\t<\/div>\n\t\t\t\t<div class=\"elementor-element elementor-element-1d710c1 elementor-widget elementor-widget-spacer\" data-id=\"1d710c1\" data-element_type=\"widget\" data-e-type=\"widget\" data-widget_type=\"spacer.default\">\n\t\t\t\t<div class=\"elementor-widget-container\">\n\t\t\t\t\t\t\t<div class=\"elementor-spacer\">\n\t\t\t<div class=\"elementor-spacer-inner\"><\/div>\n\t\t<\/div>\n\t\t\t\t\t\t<\/div>\n\t\t\t\t<\/div>\n\t\t\t\t\t<\/div>\n\t\t\t\t<\/div>\n\t\t\t\t<\/div>\n\t\t","protected":false},"excerpt":{"rendered":"<p>ESG &#8211; Ambiental, Social e Governan\u00e7a Compromisso com o Futuro Acreditamos que o sucesso sustent\u00e1vel est\u00e1 intrinsecamente ligado \u00e0 responsabilidade ambiental, social e \u00e0 governan\u00e7a \u00e9tica. Por isso, adotamos rigorosos crit\u00e9rios ESG em todas as nossas opera\u00e7\u00f5es, garantindo um impacto positivo no ambiente, na sociedade e em nossos neg\u00f3cios. Ambiental Trabalhamos constantemente para minimizar o [&hellip;]<\/p>\n","protected":false},"author":1,"featured_media":0,"parent":0,"menu_order":0,"comment_status":"closed","ping_status":"closed","template":"","meta":{"footnotes":""},"class_list":["post-761","page","type-page","status-publish","hentry"],"_links":{"self":[{"href":"https:\/\/www.fundicaosideral.com.br\/site\/index.php\/wp-json\/wp\/v2\/pages\/761","targetHints":{"allow":["GET"]}}],"collection":[{"href":"https:\/\/www.fundicaosideral.com.br\/site\/index.php\/wp-json\/wp\/v2\/pages"}],"about":[{"href":"https:\/\/www.fundicaosideral.com.br\/site\/index.php\/wp-json\/wp\/v2\/types\/page"}],"author":[{"embeddable":true,"href":"https:\/\/www.fundicaosideral.com.br\/site\/index.php\/wp-json\/wp\/v2\/users\/1"}],"replies":[{"embeddable":true,"href":"https:\/\/www.fundicaosideral.com.br\/site\/index.php\/wp-json\/wp\/v2\/comments?post=761"}],"version-history":[{"count":52,"href":"https:\/\/www.fundicaosideral.com.br\/site\/index.php\/wp-json\/wp\/v2\/pages\/761\/revisions"}],"predecessor-version":[{"id":1566,"href":"https:\/\/www.fundicaosideral.com.br\/site\/index.php\/wp-json\/wp\/v2\/pages\/761\/revisions\/1566"}],"wp:attachment":[{"href":"https:\/\/www.fundicaosideral.com.br\/site\/index.php\/wp-json\/wp\/v2\/media?parent=761"}],"curies":[{"name":"wp","href":"https:\/\/api.w.org\/{rel}","templated":true}]}}