{"id":8,"date":"2024-08-08T14:25:01","date_gmt":"2024-08-08T17:25:01","guid":{"rendered":"https:\/\/www.fundicaosideral.com.br\/site\/?page_id=8"},"modified":"2025-01-10T15:37:15","modified_gmt":"2025-01-10T18:37:15","slug":"home","status":"publish","type":"page","link":"https:\/\/www.fundicaosideral.com.br\/site\/","title":{"rendered":"Home"},"content":{"rendered":"\t\t<div data-elementor-type=\"wp-page\" data-elementor-id=\"8\" class=\"elementor elementor-8\" data-elementor-post-type=\"page\">\n\t\t\t\t<div class=\"elementor-element elementor-element-3b13742 e-con-full e-flex e-con e-parent\" data-id=\"3b13742\" data-element_type=\"container\" data-e-type=\"container\">\n\t\t\t\t<div class=\"elementor-element elementor-element-1531d9a elementor-widget elementor-widget-html\" data-id=\"1531d9a\" data-element_type=\"widget\" data-e-type=\"widget\" data-widget_type=\"html.default\">\n\t\t\t\t<div class=\"elementor-widget-container\">\n\t\t\t\t\t<video id=\"video01\"\nautoplay loop muted\nsrc=\"https:\/\/fundicaosideral.com.br\/site\/wp-content\/uploads\/2024\/08\/video-sideral-site-final-c.mp4\"><\/video>\n<script>\n    \/\/ Seleciona o v\u00eddeo\n    const video = document.getElementById('video01');\n\n    \/\/ Adiciona um evento de clique ao v\u00eddeo\n    video.addEventListener('click', function() {\n        \/\/ Alterna entre mudo e n\u00e3o mudo\n        video.muted = !video.muted;\n    });\n<\/script>\t\t\t\t<\/div>\n\t\t\t\t<\/div>\n\t\t\t\t<div class=\"elementor-element elementor-element-99f7714 elementor-widget elementor-widget-spacer\" data-id=\"99f7714\" data-element_type=\"widget\" data-e-type=\"widget\" data-widget_type=\"spacer.default\">\n\t\t\t\t<div class=\"elementor-widget-container\">\n\t\t\t\t\t\t\t<div class=\"elementor-spacer\">\n\t\t\t<div class=\"elementor-spacer-inner\"><\/div>\n\t\t<\/div>\n\t\t\t\t\t\t<\/div>\n\t\t\t\t<\/div>\n\t\t\t\t<\/div>\n\t\t<div class=\"elementor-element elementor-element-906f570 e-flex e-con-boxed e-con e-parent\" data-id=\"906f570\" data-element_type=\"container\" data-e-type=\"container\">\n\t\t\t\t\t<div class=\"e-con-inner\">\n\t\t<div class=\"elementor-element elementor-element-fd87d8d e-con-full e-flex e-con e-child\" data-id=\"fd87d8d\" data-element_type=\"container\" data-e-type=\"container\">\n\t\t\t\t<div class=\"elementor-element elementor-element-479f5d8 elementor-widget elementor-widget-heading\" data-id=\"479f5d8\" data-element_type=\"widget\" data-e-type=\"widget\" data-widget_type=\"heading.default\">\n\t\t\t\t<div class=\"elementor-widget-container\">\n\t\t\t\t\t<h2 class=\"elementor-heading-title elementor-size-default\">Sobre o grupo sideral<\/h2>\t\t\t\t<\/div>\n\t\t\t\t<\/div>\n\t\t\t\t<div class=\"elementor-element elementor-element-7ba5bf8 elementor-widget elementor-widget-text-editor\" data-id=\"7ba5bf8\" data-element_type=\"widget\" data-e-type=\"widget\" data-widget_type=\"text-editor.default\">\n\t\t\t\t<div class=\"elementor-widget-container\">\n\t\t\t\t\t\t\t\t\t<p><span style=\"white-space-collapse: preserve;\">O GRUPO SIDERAL atua nos mercados de fundidos ferrosos e ferro gusa. Tem estabelecido um relacionamento s\u00f3lido com diversos clientes de prest\u00edgio no cen\u00e1rio nacional e internacional, comprovando sua compet\u00eancia e profissionalismo. <\/span><\/p><p><span style=\"white-space-collapse: preserve;\">O sucesso no atendimento a empresas globalizadas deve-se \u00e0 experi\u00eancia consolidada desde 1987, aliada \u00e0 \u00e9tica empresarial e posicionamento mercadol\u00f3gico inteiramente focado no cliente.<\/span><\/p>\t\t\t\t\t\t\t\t<\/div>\n\t\t\t\t<\/div>\n\t\t\t\t<div class=\"elementor-element elementor-element-139ece3 elementor-widget elementor-widget-button\" data-id=\"139ece3\" data-element_type=\"widget\" data-e-type=\"widget\" data-widget_type=\"button.default\">\n\t\t\t\t<div class=\"elementor-widget-container\">\n\t\t\t\t\t\t\t\t\t<div class=\"elementor-button-wrapper\">\n\t\t\t\t\t<a class=\"elementor-button elementor-button-link elementor-size-sm\" href=\"https:\/\/www.fundicaosideral.com.br\/site\/index.php\/empresa\/\">\n\t\t\t\t\t\t<span class=\"elementor-button-content-wrapper\">\n\t\t\t\t\t\t<span class=\"elementor-button-icon\">\n\t\t\t\t<svg aria-hidden=\"true\" class=\"e-font-icon-svg e-fas-arrow-right\" viewBox=\"0 0 448 512\" xmlns=\"http:\/\/www.w3.org\/2000\/svg\"><path d=\"M190.5 66.9l22.2-22.2c9.4-9.4 24.6-9.4 33.9 0L441 239c9.4 9.4 9.4 24.6 0 33.9L246.6 467.3c-9.4 9.4-24.6 9.4-33.9 0l-22.2-22.2c-9.5-9.5-9.3-25 .4-34.3L311.4 296H24c-13.3 0-24-10.7-24-24v-32c0-13.3 10.7-24 24-24h287.4L190.9 101.2c-9.8-9.3-10-24.8-.4-34.3z\"><\/path><\/svg>\t\t\t<\/span>\n\t\t\t\t\t\t\t\t\t<span class=\"elementor-button-text\">Saiba mais<\/span>\n\t\t\t\t\t<\/span>\n\t\t\t\t\t<\/a>\n\t\t\t\t<\/div>\n\t\t\t\t\t\t\t\t<\/div>\n\t\t\t\t<\/div>\n\t\t\t\t<\/div>\n\t\t<div class=\"elementor-element elementor-element-ca0c759 e-con-full e-flex e-con e-child\" data-id=\"ca0c759\" data-element_type=\"container\" data-e-type=\"container\">\n\t\t\t\t<div class=\"elementor-element elementor-element-bc78d4a elementor--h-position-left elementor--v-position-middle elementor-arrows-position-inside elementor-pagination-position-inside elementor-widget elementor-widget-slides\" data-id=\"bc78d4a\" data-element_type=\"widget\" data-e-type=\"widget\" data-settings=\"{&quot;navigation&quot;:&quot;both&quot;,&quot;autoplay&quot;:&quot;yes&quot;,&quot;pause_on_hover&quot;:&quot;yes&quot;,&quot;pause_on_interaction&quot;:&quot;yes&quot;,&quot;autoplay_speed&quot;:5000,&quot;infinite&quot;:&quot;yes&quot;,&quot;transition&quot;:&quot;slide&quot;,&quot;transition_speed&quot;:500}\" data-widget_type=\"slides.default\">\n\t\t\t\t<div class=\"elementor-widget-container\">\n\t\t\t\t\t\t\t\t\t<div class=\"elementor-swiper\">\n\t\t\t\t\t<div class=\"elementor-slides-wrapper elementor-main-swiper swiper\" role=\"region\" aria-roledescription=\"carousel\" aria-label=\"Slides\" dir=\"ltr\" data-animation=\"fadeInUp\">\n\t\t\t\t<div class=\"swiper-wrapper elementor-slides\">\n\t\t\t\t\t\t\t\t\t\t<div class=\"elementor-repeater-item-7226168 swiper-slide\" role=\"group\" aria-roledescription=\"slide\"><div class=\"swiper-slide-bg\" role=\"img\"><\/div><div class=\"swiper-slide-inner\" ><div class=\"swiper-slide-contents\"><div class=\"elementor-slide-heading\">SEGURAN\u00c7A E BEM-ESTAR<\/div><div class=\"elementor-slide-description\">Garantir o bem-estar e a seguran\u00e7a de nossos colaboradores e prestadores de servi\u00e7os<\/div><\/div><\/div><\/div><div class=\"elementor-repeater-item-0b576f8 swiper-slide\" role=\"group\" aria-roledescription=\"slide\"><div class=\"swiper-slide-bg\" role=\"img\"><\/div><div class=\"swiper-slide-inner\" ><div class=\"swiper-slide-contents\"><div class=\"elementor-slide-heading\">PRODU\u00c7\u00c3O DE FERRO GUSA<\/div><div class=\"elementor-slide-description\">O GRUPO SIDERAL possui uma capacidade  \nprodutiva de 6.000 toneladas \/ m\u00eas<\/div><\/div><\/div><\/div><div class=\"elementor-repeater-item-a98fc5a swiper-slide\" role=\"group\" aria-roledescription=\"slide\"><div class=\"swiper-slide-bg\" role=\"img\"><\/div><div class=\"swiper-slide-inner\" ><div class=\"swiper-slide-contents\"><div class=\"elementor-slide-heading\">PRODU\u00c7\u00c3O DE FUNDIDOS<\/div><div class=\"elementor-slide-description\">O GRUPO SIDERAL  possui uma capacidade  \nprodutiva de 7.000 toneladas \/ m\u00eas<\/div><\/div><\/div><\/div><div class=\"elementor-repeater-item-beafc67 swiper-slide\" role=\"group\" aria-roledescription=\"slide\"><div class=\"swiper-slide-bg\" role=\"img\"><\/div><div class=\"swiper-slide-inner\" ><div class=\"swiper-slide-contents\"><div class=\"elementor-slide-heading\">TRANSFORMAMOS METAL EM SOLU\u00c7\u00d5ES<\/div><\/div><\/div><\/div>\t\t\t\t<\/div>\n\t\t\t\t\t\t\t\t\t\t\t\t\t\t\t<div class=\"elementor-swiper-button elementor-swiper-button-prev\" role=\"button\" tabindex=\"0\" aria-label=\"Slide anterior\">\n\t\t\t\t\t\t\t<svg aria-hidden=\"true\" class=\"e-font-icon-svg e-eicon-chevron-left\" viewBox=\"0 0 1000 1000\" xmlns=\"http:\/\/www.w3.org\/2000\/svg\"><path d=\"M646 125C629 125 613 133 604 142L308 442C296 454 292 471 292 487 292 504 296 521 308 533L604 854C617 867 629 875 646 875 663 875 679 871 692 858 704 846 713 829 713 812 713 796 708 779 692 767L438 487 692 225C700 217 708 204 708 187 708 171 704 154 692 142 675 129 663 125 646 125Z\"><\/path><\/svg>\t\t\t\t\t\t<\/div>\n\t\t\t\t\t\t<div class=\"elementor-swiper-button elementor-swiper-button-next\" role=\"button\" tabindex=\"0\" aria-label=\"Pr\u00f3ximo slide\">\n\t\t\t\t\t\t\t<svg aria-hidden=\"true\" class=\"e-font-icon-svg e-eicon-chevron-right\" viewBox=\"0 0 1000 1000\" xmlns=\"http:\/\/www.w3.org\/2000\/svg\"><path d=\"M696 533C708 521 713 504 713 487 713 471 708 454 696 446L400 146C388 133 375 125 354 125 338 125 325 129 313 142 300 154 292 171 292 187 292 204 296 221 308 233L563 492 304 771C292 783 288 800 288 817 288 833 296 850 308 863 321 871 338 875 354 875 371 875 388 867 400 854L696 533Z\"><\/path><\/svg>\t\t\t\t\t\t<\/div>\n\t\t\t\t\t\t\t\t\t\t\t\t\t\t\t\t<div class=\"swiper-pagination\"><\/div>\n\t\t\t\t\t\t\t\t\t\t\t\t<\/div>\n\t\t\t\t<\/div>\n\t\t\t\t\t\t\t\t<\/div>\n\t\t\t\t<\/div>\n\t\t\t\t<\/div>\n\t\t\t\t\t<\/div>\n\t\t\t\t<\/div>\n\t\t<div class=\"elementor-element elementor-element-8079ace e-con-full e-flex e-con e-parent\" data-id=\"8079ace\" data-element_type=\"container\" data-e-type=\"container\" data-settings=\"{&quot;background_background&quot;:&quot;classic&quot;}\">\n\t\t<div class=\"elementor-element elementor-element-b7cba1e e-flex e-con-boxed e-con e-child\" data-id=\"b7cba1e\" data-element_type=\"container\" data-e-type=\"container\">\n\t\t\t\t\t<div class=\"e-con-inner\">\n\t\t\t\t<div class=\"elementor-element elementor-element-0acaa8b elementor-widget elementor-widget-spacer\" data-id=\"0acaa8b\" data-element_type=\"widget\" data-e-type=\"widget\" data-widget_type=\"spacer.default\">\n\t\t\t\t<div class=\"elementor-widget-container\">\n\t\t\t\t\t\t\t<div class=\"elementor-spacer\">\n\t\t\t<div class=\"elementor-spacer-inner\"><\/div>\n\t\t<\/div>\n\t\t\t\t\t\t<\/div>\n\t\t\t\t<\/div>\n\t\t\t\t<div class=\"elementor-element elementor-element-e7adc2e elementor-invisible elementor-widget elementor-widget-heading\" data-id=\"e7adc2e\" data-element_type=\"widget\" data-e-type=\"widget\" data-settings=\"{&quot;_animation&quot;:&quot;fadeInDown&quot;}\" data-widget_type=\"heading.default\">\n\t\t\t\t<div class=\"elementor-widget-container\">\n\t\t\t\t\t<h2 class=\"elementor-heading-title elementor-size-default\">Nosso compromisso \u00e9 estar <br>\nao lado dos nossos clientes,<\/h2>\t\t\t\t<\/div>\n\t\t\t\t<\/div>\n\t\t\t\t<div class=\"elementor-element elementor-element-0cc7edd elementor-widget elementor-widget-heading\" data-id=\"0cc7edd\" data-element_type=\"widget\" data-e-type=\"widget\" data-widget_type=\"heading.default\">\n\t\t\t\t<div class=\"elementor-widget-container\">\n\t\t\t\t\t<h3 class=\"elementor-heading-title elementor-size-default\">fornecendo produtos de qualidade para diversos setores em todo o mundo!<\/h3>\t\t\t\t<\/div>\n\t\t\t\t<\/div>\n\t\t\t\t\t<\/div>\n\t\t\t\t<\/div>\n\t\t<div class=\"elementor-element elementor-element-14ddf68 e-con-full e-flex elementor-invisible e-con e-child\" data-id=\"14ddf68\" data-element_type=\"container\" data-e-type=\"container\" data-settings=\"{&quot;animation&quot;:&quot;fadeInUp&quot;}\">\n\t\t\t\t<div class=\"elementor-element elementor-element-ca01cf3 elementor-widget__width-initial e-transform e-transform elementor-widget elementor-widget-image\" data-id=\"ca01cf3\" data-element_type=\"widget\" data-e-type=\"widget\" data-settings=\"{&quot;_transform_scale_effect&quot;:{&quot;unit&quot;:&quot;px&quot;,&quot;size&quot;:1,&quot;sizes&quot;:[]},&quot;_transform_scale_effect_laptop&quot;:{&quot;unit&quot;:&quot;px&quot;,&quot;size&quot;:&quot;&quot;,&quot;sizes&quot;:[]},&quot;_transform_scale_effect_tablet_extra&quot;:{&quot;unit&quot;:&quot;px&quot;,&quot;size&quot;:&quot;&quot;,&quot;sizes&quot;:[]},&quot;_transform_scale_effect_tablet&quot;:{&quot;unit&quot;:&quot;px&quot;,&quot;size&quot;:&quot;&quot;,&quot;sizes&quot;:[]},&quot;_transform_scale_effect_mobile&quot;:{&quot;unit&quot;:&quot;px&quot;,&quot;size&quot;:&quot;&quot;,&quot;sizes&quot;:[]},&quot;_transform_scaleX_effect_hover&quot;:{&quot;unit&quot;:&quot;px&quot;,&quot;size&quot;:&quot;&quot;,&quot;sizes&quot;:[]},&quot;_transform_scaleX_effect_hover_laptop&quot;:{&quot;unit&quot;:&quot;px&quot;,&quot;size&quot;:&quot;&quot;,&quot;sizes&quot;:[]},&quot;_transform_scaleX_effect_hover_tablet_extra&quot;:{&quot;unit&quot;:&quot;px&quot;,&quot;size&quot;:&quot;&quot;,&quot;sizes&quot;:[]},&quot;_transform_scaleX_effect_hover_tablet&quot;:{&quot;unit&quot;:&quot;px&quot;,&quot;size&quot;:&quot;&quot;,&quot;sizes&quot;:[]},&quot;_transform_scaleX_effect_hover_mobile&quot;:{&quot;unit&quot;:&quot;px&quot;,&quot;size&quot;:&quot;&quot;,&quot;sizes&quot;:[]},&quot;_transform_scaleY_effect_hover&quot;:{&quot;unit&quot;:&quot;px&quot;,&quot;size&quot;:&quot;&quot;,&quot;sizes&quot;:[]},&quot;_transform_scaleY_effect_hover_laptop&quot;:{&quot;unit&quot;:&quot;px&quot;,&quot;size&quot;:&quot;&quot;,&quot;sizes&quot;:[]},&quot;_transform_scaleY_effect_hover_tablet_extra&quot;:{&quot;unit&quot;:&quot;px&quot;,&quot;size&quot;:&quot;&quot;,&quot;sizes&quot;:[]},&quot;_transform_scaleY_effect_hover_tablet&quot;:{&quot;unit&quot;:&quot;px&quot;,&quot;size&quot;:&quot;&quot;,&quot;sizes&quot;:[]},&quot;_transform_scaleY_effect_hover_mobile&quot;:{&quot;unit&quot;:&quot;px&quot;,&quot;size&quot;:&quot;&quot;,&quot;sizes&quot;:[]}}\" data-widget_type=\"image.default\">\n\t\t\t\t<div class=\"elementor-widget-container\">\n\t\t\t\t\t\t\t\t\t\t\t\t\t\t\t<img fetchpriority=\"high\" decoding=\"async\" width=\"550\" height=\"550\" src=\"https:\/\/www.fundicaosideral.com.br\/site\/wp-content\/uploads\/2024\/08\/fundicao-sideral-moldacao.webp\" class=\"attachment-large size-large wp-image-258\" alt=\"\" srcset=\"https:\/\/www.fundicaosideral.com.br\/site\/wp-content\/uploads\/2024\/08\/fundicao-sideral-moldacao.webp 550w, https:\/\/www.fundicaosideral.com.br\/site\/wp-content\/uploads\/2024\/08\/fundicao-sideral-moldacao-300x300.webp 300w, https:\/\/www.fundicaosideral.com.br\/site\/wp-content\/uploads\/2024\/08\/fundicao-sideral-moldacao-150x150.webp 150w\" sizes=\"(max-width: 550px) 100vw, 550px\" \/>\t\t\t\t\t\t\t\t\t\t\t\t\t\t\t<\/div>\n\t\t\t\t<\/div>\n\t\t\t\t<div class=\"elementor-element elementor-element-6e5e532 elementor-widget__width-initial elementor-widget elementor-widget-image\" data-id=\"6e5e532\" data-element_type=\"widget\" data-e-type=\"widget\" data-widget_type=\"image.default\">\n\t\t\t\t<div class=\"elementor-widget-container\">\n\t\t\t\t\t\t\t\t\t\t\t\t\t\t\t<img decoding=\"async\" width=\"550\" height=\"550\" src=\"https:\/\/www.fundicaosideral.com.br\/site\/wp-content\/uploads\/2024\/08\/fundicao-sideral-moldacao-copiar.webp\" class=\"attachment-large size-large wp-image-257\" alt=\"\" srcset=\"https:\/\/www.fundicaosideral.com.br\/site\/wp-content\/uploads\/2024\/08\/fundicao-sideral-moldacao-copiar.webp 550w, https:\/\/www.fundicaosideral.com.br\/site\/wp-content\/uploads\/2024\/08\/fundicao-sideral-moldacao-copiar-300x300.webp 300w, https:\/\/www.fundicaosideral.com.br\/site\/wp-content\/uploads\/2024\/08\/fundicao-sideral-moldacao-copiar-150x150.webp 150w\" sizes=\"(max-width: 550px) 100vw, 550px\" \/>\t\t\t\t\t\t\t\t\t\t\t\t\t\t\t<\/div>\n\t\t\t\t<\/div>\n\t\t\t\t<div class=\"elementor-element elementor-element-8087a85 elementor-widget__width-initial elementor-widget elementor-widget-image\" data-id=\"8087a85\" data-element_type=\"widget\" data-e-type=\"widget\" data-widget_type=\"image.default\">\n\t\t\t\t<div class=\"elementor-widget-container\">\n\t\t\t\t\t\t\t\t\t\t\t\t\t\t\t<img decoding=\"async\" width=\"550\" height=\"550\" src=\"https:\/\/www.fundicaosideral.com.br\/site\/wp-content\/uploads\/2024\/10\/fundicao-sideral-acabamento.webp\" class=\"attachment-large size-large wp-image-1262\" alt=\"\" srcset=\"https:\/\/www.fundicaosideral.com.br\/site\/wp-content\/uploads\/2024\/10\/fundicao-sideral-acabamento.webp 550w, https:\/\/www.fundicaosideral.com.br\/site\/wp-content\/uploads\/2024\/10\/fundicao-sideral-acabamento-300x300.webp 300w, https:\/\/www.fundicaosideral.com.br\/site\/wp-content\/uploads\/2024\/10\/fundicao-sideral-acabamento-150x150.webp 150w\" sizes=\"(max-width: 550px) 100vw, 550px\" \/>\t\t\t\t\t\t\t\t\t\t\t\t\t\t\t<\/div>\n\t\t\t\t<\/div>\n\t\t\t\t<div class=\"elementor-element elementor-element-31e74ea elementor-widget__width-initial elementor-widget elementor-widget-image\" data-id=\"31e74ea\" data-element_type=\"widget\" data-e-type=\"widget\" data-widget_type=\"image.default\">\n\t\t\t\t<div class=\"elementor-widget-container\">\n\t\t\t\t\t\t\t\t\t\t\t\t\t\t\t<img loading=\"lazy\" decoding=\"async\" width=\"550\" height=\"550\" src=\"https:\/\/www.fundicaosideral.com.br\/site\/wp-content\/uploads\/2024\/08\/fundicao-sideral-acabamento2.webp\" class=\"attachment-large size-large wp-image-254\" alt=\"\" srcset=\"https:\/\/www.fundicaosideral.com.br\/site\/wp-content\/uploads\/2024\/08\/fundicao-sideral-acabamento2.webp 550w, https:\/\/www.fundicaosideral.com.br\/site\/wp-content\/uploads\/2024\/08\/fundicao-sideral-acabamento2-300x300.webp 300w, https:\/\/www.fundicaosideral.com.br\/site\/wp-content\/uploads\/2024\/08\/fundicao-sideral-acabamento2-150x150.webp 150w\" sizes=\"(max-width: 550px) 100vw, 550px\" \/>\t\t\t\t\t\t\t\t\t\t\t\t\t\t\t<\/div>\n\t\t\t\t<\/div>\n\t\t\t\t<\/div>\n\t\t<div class=\"elementor-element elementor-element-689daa8 e-con-full e-flex elementor-invisible e-con e-child\" data-id=\"689daa8\" data-element_type=\"container\" data-e-type=\"container\" data-settings=\"{&quot;animation&quot;:&quot;fadeInUp&quot;}\">\n\t\t\t\t<div class=\"elementor-element elementor-element-f0f4753 elementor-widget__width-initial elementor-widget elementor-widget-image\" data-id=\"f0f4753\" data-element_type=\"widget\" data-e-type=\"widget\" data-widget_type=\"image.default\">\n\t\t\t\t<div class=\"elementor-widget-container\">\n\t\t\t\t\t\t\t\t\t\t\t\t\t\t\t<img loading=\"lazy\" decoding=\"async\" width=\"550\" height=\"550\" src=\"https:\/\/www.fundicaosideral.com.br\/site\/wp-content\/uploads\/2024\/08\/fundicao-sideral-furacao.webp\" class=\"attachment-large size-large wp-image-256\" alt=\"\" srcset=\"https:\/\/www.fundicaosideral.com.br\/site\/wp-content\/uploads\/2024\/08\/fundicao-sideral-furacao.webp 550w, https:\/\/www.fundicaosideral.com.br\/site\/wp-content\/uploads\/2024\/08\/fundicao-sideral-furacao-300x300.webp 300w, https:\/\/www.fundicaosideral.com.br\/site\/wp-content\/uploads\/2024\/08\/fundicao-sideral-furacao-150x150.webp 150w\" sizes=\"(max-width: 550px) 100vw, 550px\" \/>\t\t\t\t\t\t\t\t\t\t\t\t\t\t\t<\/div>\n\t\t\t\t<\/div>\n\t\t\t\t<div class=\"elementor-element elementor-element-47baabb elementor-widget__width-initial elementor-widget elementor-widget-image\" data-id=\"47baabb\" data-element_type=\"widget\" data-e-type=\"widget\" data-widget_type=\"image.default\">\n\t\t\t\t<div class=\"elementor-widget-container\">\n\t\t\t\t\t\t\t\t\t\t\t\t\t\t\t<img loading=\"lazy\" decoding=\"async\" width=\"550\" height=\"550\" src=\"https:\/\/www.fundicaosideral.com.br\/site\/wp-content\/uploads\/2024\/08\/fundicao-sideral-precisao.webp\" class=\"attachment-large size-large wp-image-260\" alt=\"\" srcset=\"https:\/\/www.fundicaosideral.com.br\/site\/wp-content\/uploads\/2024\/08\/fundicao-sideral-precisao.webp 550w, https:\/\/www.fundicaosideral.com.br\/site\/wp-content\/uploads\/2024\/08\/fundicao-sideral-precisao-300x300.webp 300w, https:\/\/www.fundicaosideral.com.br\/site\/wp-content\/uploads\/2024\/08\/fundicao-sideral-precisao-150x150.webp 150w\" sizes=\"(max-width: 550px) 100vw, 550px\" \/>\t\t\t\t\t\t\t\t\t\t\t\t\t\t\t<\/div>\n\t\t\t\t<\/div>\n\t\t\t\t<div class=\"elementor-element elementor-element-989a1c5 elementor-widget__width-initial elementor-widget elementor-widget-image\" data-id=\"989a1c5\" data-element_type=\"widget\" data-e-type=\"widget\" data-widget_type=\"image.default\">\n\t\t\t\t<div class=\"elementor-widget-container\">\n\t\t\t\t\t\t\t\t\t\t\t\t\t\t\t<img loading=\"lazy\" decoding=\"async\" width=\"550\" height=\"550\" src=\"https:\/\/www.fundicaosideral.com.br\/site\/wp-content\/uploads\/2024\/10\/fundicao-sideral-pintura.webp\" class=\"attachment-large size-large wp-image-1264\" alt=\"\" srcset=\"https:\/\/www.fundicaosideral.com.br\/site\/wp-content\/uploads\/2024\/10\/fundicao-sideral-pintura.webp 550w, https:\/\/www.fundicaosideral.com.br\/site\/wp-content\/uploads\/2024\/10\/fundicao-sideral-pintura-300x300.webp 300w, https:\/\/www.fundicaosideral.com.br\/site\/wp-content\/uploads\/2024\/10\/fundicao-sideral-pintura-150x150.webp 150w\" sizes=\"(max-width: 550px) 100vw, 550px\" \/>\t\t\t\t\t\t\t\t\t\t\t\t\t\t\t<\/div>\n\t\t\t\t<\/div>\n\t\t\t\t<div class=\"elementor-element elementor-element-48a02f2 elementor-widget__width-initial elementor-widget elementor-widget-image\" data-id=\"48a02f2\" data-element_type=\"widget\" data-e-type=\"widget\" data-widget_type=\"image.default\">\n\t\t\t\t<div class=\"elementor-widget-container\">\n\t\t\t\t\t\t\t\t\t\t\t\t\t\t\t<img loading=\"lazy\" decoding=\"async\" width=\"550\" height=\"550\" src=\"https:\/\/www.fundicaosideral.com.br\/site\/wp-content\/uploads\/2024\/08\/fundicao-sideral-roda-gusa.webp\" class=\"attachment-large size-large wp-image-261\" alt=\"\" srcset=\"https:\/\/www.fundicaosideral.com.br\/site\/wp-content\/uploads\/2024\/08\/fundicao-sideral-roda-gusa.webp 550w, https:\/\/www.fundicaosideral.com.br\/site\/wp-content\/uploads\/2024\/08\/fundicao-sideral-roda-gusa-300x300.webp 300w, https:\/\/www.fundicaosideral.com.br\/site\/wp-content\/uploads\/2024\/08\/fundicao-sideral-roda-gusa-150x150.webp 150w\" sizes=\"(max-width: 550px) 100vw, 550px\" \/>\t\t\t\t\t\t\t\t\t\t\t\t\t\t\t<\/div>\n\t\t\t\t<\/div>\n\t\t\t\t<\/div>\n\t\t\t\t<\/div>\n\t\t<div class=\"elementor-element elementor-element-4ef7b60 e-flex e-con-boxed e-con e-parent\" data-id=\"4ef7b60\" data-element_type=\"container\" data-e-type=\"container\">\n\t\t\t\t\t<div class=\"e-con-inner\">\n\t\t<div class=\"elementor-element elementor-element-bced7c4 e-con-full e-flex elementor-invisible e-con e-child\" data-id=\"bced7c4\" data-element_type=\"container\" data-e-type=\"container\" data-settings=\"{&quot;animation&quot;:&quot;fadeInLeft&quot;}\">\n\t\t\t\t<div class=\"elementor-element elementor-element-81b99ea elementor-widget elementor-widget-image\" data-id=\"81b99ea\" data-element_type=\"widget\" data-e-type=\"widget\" data-widget_type=\"image.default\">\n\t\t\t\t<div class=\"elementor-widget-container\">\n\t\t\t\t\t\t\t\t\t\t\t\t\t\t\t<img loading=\"lazy\" decoding=\"async\" width=\"800\" height=\"800\" src=\"https:\/\/www.fundicaosideral.com.br\/site\/wp-content\/uploads\/2024\/08\/floresta-1024x1024.webp\" class=\"attachment-large size-large wp-image-274\" alt=\"\" srcset=\"https:\/\/www.fundicaosideral.com.br\/site\/wp-content\/uploads\/2024\/08\/floresta-1024x1024.webp 1024w, https:\/\/www.fundicaosideral.com.br\/site\/wp-content\/uploads\/2024\/08\/floresta-300x300.webp 300w, https:\/\/www.fundicaosideral.com.br\/site\/wp-content\/uploads\/2024\/08\/floresta-150x150.webp 150w, https:\/\/www.fundicaosideral.com.br\/site\/wp-content\/uploads\/2024\/08\/floresta-768x768.webp 768w, https:\/\/www.fundicaosideral.com.br\/site\/wp-content\/uploads\/2024\/08\/floresta.webp 1200w\" sizes=\"(max-width: 800px) 100vw, 800px\" \/>\t\t\t\t\t\t\t\t\t\t\t\t\t\t\t<\/div>\n\t\t\t\t<\/div>\n\t\t\t\t<\/div>\n\t\t<div class=\"elementor-element elementor-element-38cfb19 e-con-full e-flex elementor-invisible e-con e-child\" data-id=\"38cfb19\" data-element_type=\"container\" data-e-type=\"container\" data-settings=\"{&quot;animation&quot;:&quot;fadeInRight&quot;}\">\n\t\t\t\t<div class=\"elementor-element elementor-element-6488568 elementor-widget elementor-widget-heading\" data-id=\"6488568\" data-element_type=\"widget\" data-e-type=\"widget\" data-widget_type=\"heading.default\">\n\t\t\t\t<div class=\"elementor-widget-container\">\n\t\t\t\t\t<h2 class=\"elementor-heading-title elementor-size-default\">siderurgia verde<\/h2>\t\t\t\t<\/div>\n\t\t\t\t<\/div>\n\t\t\t\t<div class=\"elementor-element elementor-element-2c2415d elementor-widget elementor-widget-heading\" data-id=\"2c2415d\" data-element_type=\"widget\" data-e-type=\"widget\" data-widget_type=\"heading.default\">\n\t\t\t\t<div class=\"elementor-widget-container\">\n\t\t\t\t\t<h3 class=\"elementor-heading-title elementor-size-default\">Produzindo o futuro com responsabilidade \nambiental<\/h3>\t\t\t\t<\/div>\n\t\t\t\t<\/div>\n\t\t\t\t<div class=\"elementor-element elementor-element-c4e1e6f elementor-widget elementor-widget-text-editor\" data-id=\"c4e1e6f\" data-element_type=\"widget\" data-e-type=\"widget\" data-widget_type=\"text-editor.default\">\n\t\t\t\t<div class=\"elementor-widget-container\">\n\t\t\t\t\t\t\t\t\t<p>O GRUPO SIDERAL adota pr\u00e1ticas sustent\u00e1veis como minimizar o desperd\u00edcio de \u00e1gua, maximizar a efici\u00eancia e garantir a devolu\u00e7\u00e3o da \u00e1gua ao meio ambiente, livre de contaminantes atrav\u00e9s da nossa ETE. Al\u00e9m disto, parte dos res\u00edduos gerados em nossos processos industriais na siderurgia, s\u00e3o coletados e reintegrados aos nossos fornos, retornando ao ciclo produtivo, minimizamos os desperd\u00edcios e preservamos os recursos naturais.<\/p>\t\t\t\t\t\t\t\t<\/div>\n\t\t\t\t<\/div>\n\t\t\t\t<\/div>\n\t\t\t\t\t<\/div>\n\t\t\t\t<\/div>\n\t\t\t\t<\/div>\n\t\t","protected":false},"excerpt":{"rendered":"<p>Sobre o grupo sideral O GRUPO SIDERAL atua nos mercados de fundidos ferrosos e ferro gusa. Tem estabelecido um relacionamento s\u00f3lido com diversos clientes de prest\u00edgio no cen\u00e1rio nacional e internacional, comprovando sua compet\u00eancia e profissionalismo. O sucesso no atendimento a empresas globalizadas deve-se \u00e0 experi\u00eancia consolidada desde 1987, aliada \u00e0 \u00e9tica empresarial e posicionamento [&hellip;]<\/p>\n","protected":false},"author":1,"featured_media":0,"parent":0,"menu_order":0,"comment_status":"closed","ping_status":"closed","template":"elementor_header_footer","meta":{"footnotes":""},"class_list":["post-8","page","type-page","status-publish","hentry"],"_links":{"self":[{"href":"https:\/\/www.fundicaosideral.com.br\/site\/index.php\/wp-json\/wp\/v2\/pages\/8","targetHints":{"allow":["GET"]}}],"collection":[{"href":"https:\/\/www.fundicaosideral.com.br\/site\/index.php\/wp-json\/wp\/v2\/pages"}],"about":[{"href":"https:\/\/www.fundicaosideral.com.br\/site\/index.php\/wp-json\/wp\/v2\/types\/page"}],"author":[{"embeddable":true,"href":"https:\/\/www.fundicaosideral.com.br\/site\/index.php\/wp-json\/wp\/v2\/users\/1"}],"replies":[{"embeddable":true,"href":"https:\/\/www.fundicaosideral.com.br\/site\/index.php\/wp-json\/wp\/v2\/comments?post=8"}],"version-history":[{"count":337,"href":"https:\/\/www.fundicaosideral.com.br\/site\/index.php\/wp-json\/wp\/v2\/pages\/8\/revisions"}],"predecessor-version":[{"id":1526,"href":"https:\/\/www.fundicaosideral.com.br\/site\/index.php\/wp-json\/wp\/v2\/pages\/8\/revisions\/1526"}],"wp:attachment":[{"href":"https:\/\/www.fundicaosideral.com.br\/site\/index.php\/wp-json\/wp\/v2\/media?parent=8"}],"curies":[{"name":"wp","href":"https:\/\/api.w.org\/{rel}","templated":true}]}}